{"id":1190,"date":"2023-05-23T07:47:31","date_gmt":"2023-05-23T05:47:31","guid":{"rendered":"https:\/\/www.devredenhof.nl\/?page_id=1190"},"modified":"2025-10-10T21:41:47","modified_gmt":"2025-10-10T19:41:47","slug":"ueber-uns","status":"publish","type":"page","link":"https:\/\/www.devredenhof.nl\/de\/ueber-uns\/","title":{"rendered":"\u00dcber uns"},"content":{"rendered":"<!----right content left images secation---->\n\n<!------start blog gallery section----->\n<section class=\"blog_section bg_light_green pb_100 pt_100  \n     \n    right \">\n    <div class=\"container\">\n        <div class=\"inner_blog_section d-flex flex-wrap align-items-center\">\n            <div class=\"left_blog_box\">\n                <div class=\"blog_text_box\">\n                                            <h3>\u00dcber uns<\/h3>\n                                        <p data-start=\"71\" data-end=\"174\"><strong data-start=\"71\" data-end=\"174\">Wir sind Vincent und Lois und seit dem 15. September die stolzen Eigent\u00fcmer der Hoeve de Vredenhof.<\/strong><\/p>\n<p data-start=\"176\" data-end=\"267\">Die Hoeve de Vredenhof ist ein Ort, an dem Ruhe, Natur und Gastfreundschaft zusammenkommen.<\/p>\n<p data-start=\"269\" data-end=\"596\">Unser Hof, im Herzen des sch\u00f6nen Zuidlaren gelegen, ist mehr als nur eine \u00dcbernachtungsm\u00f6glichkeit. Es ist ein Zuhause \u2013 fernab vom Trubel des Alltags. Ob du zum Entspannen kommst, zum Wandern im Nationalpark Drentsche Aa oder einfach das Dorfleben genie\u00dfen m\u00f6chtest: Hier findest du einen Ort, an dem du dich sofort wohlf\u00fchlst.<\/p>\n<p data-start=\"598\" data-end=\"665\">Wir hoffen, dich bald in der Hoeve de Vredenhof begr\u00fc\u00dfen zu d\u00fcrfen!<\/p>\n                                    <\/div>\n            <\/div>\n            <div class=\"right_blog_box d-flex flex-wrap\">\n                                    <ul>\n                                                    <li class=\"size-1\"><img decoding=\"async\" src=\"https:\/\/www.devredenhof.nl\/wp-content\/uploads\/2025\/10\/DSC01647.jpg\" \/><\/li>\n                                            <\/ul>\n                            <\/div>\n        <\/div>\n    <\/div>\n<\/section>\n<!-----end blog gallery section---->","protected":false},"excerpt":{"rendered":"","protected":false},"author":6,"featured_media":0,"parent":0,"menu_order":0,"comment_status":"closed","ping_status":"closed","template":"","meta":{"_acf_changed":false,"footnotes":""},"class_list":["post-1190","page","type-page","status-publish","hentry"],"acf":[],"yoast_head":"<!-- This site is optimized with the Yoast SEO plugin v27.5 - https:\/\/yoast.com\/product\/yoast-seo-wordpress\/ -->\n<title>\u00dcber uns - Bed &amp; Breakfast Hotel Hoeve De Vredenhof<\/title>\n<meta name=\"robots\" content=\"index, follow, max-snippet:-1, max-image-preview:large, max-video-preview:-1\" \/>\n<link rel=\"canonical\" href=\"https:\/\/www.devredenhof.nl\/de\/ueber-uns\/\" \/>\n<meta property=\"og:locale\" content=\"de_DE\" \/>\n<meta property=\"og:type\" content=\"article\" \/>\n<meta property=\"og:title\" content=\"\u00dcber uns - Bed &amp; Breakfast Hotel Hoeve De Vredenhof\" \/>\n<meta property=\"og:url\" content=\"https:\/\/www.devredenhof.nl\/de\/ueber-uns\/\" \/>\n<meta property=\"og:site_name\" content=\"Bed &amp; Breakfast Hotel Hoeve De Vredenhof\" \/>\n<meta property=\"article:modified_time\" content=\"2025-10-10T19:41:47+00:00\" \/>\n<meta name=\"twitter:card\" content=\"summary_large_image\" \/>\n<script type=\"application\/ld+json\" class=\"yoast-schema-graph\">{\"@context\":\"https:\\\/\\\/schema.org\",\"@graph\":[{\"@type\":\"WebPage\",\"@id\":\"https:\\\/\\\/www.devredenhof.nl\\\/de\\\/ueber-uns\\\/\",\"url\":\"https:\\\/\\\/www.devredenhof.nl\\\/de\\\/ueber-uns\\\/\",\"name\":\"\u00dcber uns - Bed &amp; Breakfast Hotel Hoeve De Vredenhof\",\"isPartOf\":{\"@id\":\"https:\\\/\\\/www.devredenhof.nl\\\/de\\\/#website\"},\"datePublished\":\"2023-05-23T05:47:31+00:00\",\"dateModified\":\"2025-10-10T19:41:47+00:00\",\"breadcrumb\":{\"@id\":\"https:\\\/\\\/www.devredenhof.nl\\\/de\\\/ueber-uns\\\/#breadcrumb\"},\"inLanguage\":\"de\",\"potentialAction\":[{\"@type\":\"ReadAction\",\"target\":[\"https:\\\/\\\/www.devredenhof.nl\\\/de\\\/ueber-uns\\\/\"]}]},{\"@type\":\"BreadcrumbList\",\"@id\":\"https:\\\/\\\/www.devredenhof.nl\\\/de\\\/ueber-uns\\\/#breadcrumb\",\"itemListElement\":[{\"@type\":\"ListItem\",\"position\":1,\"name\":\"Home\",\"item\":\"https:\\\/\\\/www.devredenhof.nl\\\/de\\\/\"},{\"@type\":\"ListItem\",\"position\":2,\"name\":\"\u00dcber uns\"}]},{\"@type\":\"WebSite\",\"@id\":\"https:\\\/\\\/www.devredenhof.nl\\\/de\\\/#website\",\"url\":\"https:\\\/\\\/www.devredenhof.nl\\\/de\\\/\",\"name\":\"Bed &amp; Breakfast Hotel Hoeve De Vredenhof\",\"description\":\"\",\"potentialAction\":[{\"@type\":\"SearchAction\",\"target\":{\"@type\":\"EntryPoint\",\"urlTemplate\":\"https:\\\/\\\/www.devredenhof.nl\\\/de\\\/?s={search_term_string}\"},\"query-input\":{\"@type\":\"PropertyValueSpecification\",\"valueRequired\":true,\"valueName\":\"search_term_string\"}}],\"inLanguage\":\"de\"}]}<\/script>\n<!-- \/ Yoast SEO plugin. -->","yoast_head_json":{"title":"\u00dcber uns - Bed &amp; Breakfast Hotel Hoeve De Vredenhof","robots":{"index":"index","follow":"follow","max-snippet":"max-snippet:-1","max-image-preview":"max-image-preview:large","max-video-preview":"max-video-preview:-1"},"canonical":"https:\/\/www.devredenhof.nl\/de\/ueber-uns\/","og_locale":"de_DE","og_type":"article","og_title":"\u00dcber uns - Bed &amp; Breakfast Hotel Hoeve De Vredenhof","og_url":"https:\/\/www.devredenhof.nl\/de\/ueber-uns\/","og_site_name":"Bed &amp; Breakfast Hotel Hoeve De Vredenhof","article_modified_time":"2025-10-10T19:41:47+00:00","twitter_card":"summary_large_image","schema":{"@context":"https:\/\/schema.org","@graph":[{"@type":"WebPage","@id":"https:\/\/www.devredenhof.nl\/de\/ueber-uns\/","url":"https:\/\/www.devredenhof.nl\/de\/ueber-uns\/","name":"\u00dcber uns - Bed &amp; Breakfast Hotel Hoeve De Vredenhof","isPartOf":{"@id":"https:\/\/www.devredenhof.nl\/de\/#website"},"datePublished":"2023-05-23T05:47:31+00:00","dateModified":"2025-10-10T19:41:47+00:00","breadcrumb":{"@id":"https:\/\/www.devredenhof.nl\/de\/ueber-uns\/#breadcrumb"},"inLanguage":"de","potentialAction":[{"@type":"ReadAction","target":["https:\/\/www.devredenhof.nl\/de\/ueber-uns\/"]}]},{"@type":"BreadcrumbList","@id":"https:\/\/www.devredenhof.nl\/de\/ueber-uns\/#breadcrumb","itemListElement":[{"@type":"ListItem","position":1,"name":"Home","item":"https:\/\/www.devredenhof.nl\/de\/"},{"@type":"ListItem","position":2,"name":"\u00dcber uns"}]},{"@type":"WebSite","@id":"https:\/\/www.devredenhof.nl\/de\/#website","url":"https:\/\/www.devredenhof.nl\/de\/","name":"Bed &amp; Breakfast Hotel Hoeve De Vredenhof","description":"","potentialAction":[{"@type":"SearchAction","target":{"@type":"EntryPoint","urlTemplate":"https:\/\/www.devredenhof.nl\/de\/?s={search_term_string}"},"query-input":{"@type":"PropertyValueSpecification","valueRequired":true,"valueName":"search_term_string"}}],"inLanguage":"de"}]}},"_links":{"self":[{"href":"https:\/\/www.devredenhof.nl\/de\/wp-json\/wp\/v2\/pages\/1190","targetHints":{"allow":["GET"]}}],"collection":[{"href":"https:\/\/www.devredenhof.nl\/de\/wp-json\/wp\/v2\/pages"}],"about":[{"href":"https:\/\/www.devredenhof.nl\/de\/wp-json\/wp\/v2\/types\/page"}],"author":[{"embeddable":true,"href":"https:\/\/www.devredenhof.nl\/de\/wp-json\/wp\/v2\/users\/6"}],"replies":[{"embeddable":true,"href":"https:\/\/www.devredenhof.nl\/de\/wp-json\/wp\/v2\/comments?post=1190"}],"version-history":[{"count":6,"href":"https:\/\/www.devredenhof.nl\/de\/wp-json\/wp\/v2\/pages\/1190\/revisions"}],"predecessor-version":[{"id":17792,"href":"https:\/\/www.devredenhof.nl\/de\/wp-json\/wp\/v2\/pages\/1190\/revisions\/17792"}],"wp:attachment":[{"href":"https:\/\/www.devredenhof.nl\/de\/wp-json\/wp\/v2\/media?parent=1190"}],"curies":[{"name":"wp","href":"https:\/\/api.w.org\/{rel}","templated":true}]}}

Über uns

<!----right content left images secation---->

<!------start blog gallery section----->
<section class="blog_section bg_light_green pb_100 pt_100  
     
    right ">
    <div class="container">
        <div class="inner_blog_section d-flex flex-wrap align-items-center">
            <div class="left_blog_box">
                <div class="blog_text_box">
                                            <h3>Über uns</h3>
                                        <p data-start="71" data-end="174"><strong data-start="71" data-end="174">Wir sind Vincent und Lois und seit dem 15. September die stolzen Eigentümer der Hoeve de Vredenhof.</strong></p>
<p data-start="176" data-end="267">Die Hoeve de Vredenhof ist ein Ort, an dem Ruhe, Natur und Gastfreundschaft zusammenkommen.</p>
<p data-start="269" data-end="596">Unser Hof, im Herzen des schönen Zuidlaren gelegen, ist mehr als nur eine Übernachtungsmöglichkeit. Es ist ein Zuhause – fernab vom Trubel des Alltags. Ob du zum Entspannen kommst, zum Wandern im Nationalpark Drentsche Aa oder einfach das Dorfleben genießen möchtest: Hier findest du einen Ort, an dem du dich sofort wohlfühlst.</p>
<p data-start="598" data-end="665">Wir hoffen, dich bald in der Hoeve de Vredenhof begrüßen zu dürfen!</p>
                                    </div>
            </div>
            <div class="right_blog_box d-flex flex-wrap">
                                    <ul>
                                                    <li class="size-1"><img decoding="async" src="https://www.devredenhof.nl/wp-content/uploads/2025/10/DSC01647.jpg" /></li>
                                            </ul>
                            </div>
        </div>
    </div>
</section>
<!-----end blog gallery section---->

<!-- This site is optimized with the Yoast SEO plugin v27.5 - https://yoast.com/product/yoast-seo-wordpress/ -->
<title>Über uns - Bed &amp; Breakfast Hotel Hoeve De Vredenhof</title>
<meta name="robots" content="index, follow, max-snippet:-1, max-image-preview:large, max-video-preview:-1" />
<link rel="canonical" href="https://www.devredenhof.nl/de/ueber-uns/" />
<meta property="og:locale" content="de_DE" />
<meta property="og:type" content="article" />
<meta property="og:title" content="Über uns - Bed &amp; Breakfast Hotel Hoeve De Vredenhof" />
<meta property="og:url" content="https://www.devredenhof.nl/de/ueber-uns/" />
<meta property="og:site_name" content="Bed &amp; Breakfast Hotel Hoeve De Vredenhof" />
<meta property="article:modified_time" content="2025-10-10T19:41:47+00:00" />
<meta name="twitter:card" content="summary_large_image" />
<script type="application/ld+json" class="yoast-schema-graph">{"@context":"https:\/\/schema.org","@graph":[{"@type":"WebPage","@id":"https:\/\/www.devredenhof.nl\/de\/ueber-uns\/","url":"https:\/\/www.devredenhof.nl\/de\/ueber-uns\/","name":"Über uns - Bed &amp; Breakfast Hotel Hoeve De Vredenhof","isPartOf":{"@id":"https:\/\/www.devredenhof.nl\/de\/#website"},"datePublished":"2023-05-23T05:47:31+00:00","dateModified":"2025-10-10T19:41:47+00:00","breadcrumb":{"@id":"https:\/\/www.devredenhof.nl\/de\/ueber-uns\/#breadcrumb"},"inLanguage":"de","potentialAction":[{"@type":"ReadAction","target":["https:\/\/www.devredenhof.nl\/de\/ueber-uns\/"]}]},{"@type":"BreadcrumbList","@id":"https:\/\/www.devredenhof.nl\/de\/ueber-uns\/#breadcrumb","itemListElement":[{"@type":"ListItem","position":1,"name":"Home","item":"https:\/\/www.devredenhof.nl\/de\/"},{"@type":"ListItem","position":2,"name":"Über uns"}]},{"@type":"WebSite","@id":"https:\/\/www.devredenhof.nl\/de\/#website","url":"https:\/\/www.devredenhof.nl\/de\/","name":"Bed &amp; Breakfast Hotel Hoeve De Vredenhof","description":"","potentialAction":[{"@type":"SearchAction","target":{"@type":"EntryPoint","urlTemplate":"https:\/\/www.devredenhof.nl\/de\/?s={search_term_string}"},"query-input":{"@type":"PropertyValueSpecification","valueRequired":true,"valueName":"search_term_string"}}],"inLanguage":"de"}]}</script>
<!-- / Yoast SEO plugin. -->

Über uns - Bed &amp; Breakfast Hotel Hoeve De Vredenhof
